26.181.72.169 - - [19/Oct/2025:13:18:51 +0300] "POST /game/login/platformlogin HTTP/1.1" 200 2311
26.181.72.169 - - [19/Oct/2025:13:18:52 +0300] "GET /game/Leaderboard/getAvailableLeaderboards?callNum=1&connect_id=csol6py1ktdkw5nfds7b94pzvhhaja&sessionID=csol6py1ktdkw5nfds7b94pzvhhaja HTTP/1.1" 200 32015
26.181.72.169 - - [19/Oct/2025:13:18:52 +0300] "GET /game/Leaderboard/getStatsForLeaderboardByProfileName?callNum=2&connect_id=csol6py1ktdkw5nfds7b94pzvhhaja&leaderboard_id=3&profileids=%5B1736072708%5D&sessionID=csol6py1ktdkw5nfds7b94pzvhhaja HTTP/1.1" 200 163
26.181.72.169 - - [19/Oct/2025:13:18:53 +0300] "GET /game/Leaderboard/getStatsForLeaderboardByProfileName?callNum=3&connect_id=csol6py1ktdkw5nfds7b94pzvhhaja&leaderboard_id=4&profileids=%5B1736072708%5D&sessionID=csol6py1ktdkw5nfds7b94pzvhhaja HTTP/1.1" 200 163
26.181.72.169 - - [19/Oct/2025:13:18:53 +0300] "GET /game/Leaderboard/getStatsForLeaderboardByProfileName?callNum=4&connect_id=csol6py1ktdkw5nfds7b94pzvhhaja&leaderboard_id=13&profileids=%5B1736072708%5D&sessionID=csol6py1ktdkw5nfds7b94pzvhhaja HTTP/1.1" 200 163
26.181.72.169 - - [19/Oct/2025:13:18:54 +0300] "GET /game/Leaderboard/getStatsForLeaderboardByProfileName?callNum=5&connect_id=csol6py1ktdkw5nfds7b94pzvhhaja&leaderboard_id=14&profileids=%5B1736072708%5D&sessionID=csol6py1ktdkw5nfds7b94pzvhhaja HTTP/1.1" 200 163
26.181.72.169 - - [19/Oct/2025:13:18:54 +0300] "GET /game/Leaderboard/getStatsForLeaderboardByProfileName?callNum=6&connect_id=csol6py1ktdkw5nfds7b94pzvhhaja&leaderboard_id=1&profileids=%5B1736072708%5D&sessionID=csol6py1ktdkw5nfds7b94pzvhhaja HTTP/1.1" 200 163
26.181.72.169 - - [19/Oct/2025:13:18:55 +0300] "GET /game/Leaderboard/getStatsForLeaderboardByProfileName?callNum=7&connect_id=csol6py1ktdkw5nfds7b94pzvhhaja&leaderboard_id=2&profileids=%5B1736072708%5D&sessionID=csol6py1ktdkw5nfds7b94pzvhhaja HTTP/1.1" 200 163
26.181.72.169 - - [19/Oct/2025:13:18:55 +0300] "GET /game/Leaderboard/getStatsForLeaderboardByProfileName?callNum=8&connect_id=csol6py1ktdkw5nfds7b94pzvhhaja&leaderboard_id=25&profileids=%5B1736072708%5D&sessionID=csol6py1ktdkw5nfds7b94pzvhhaja HTTP/1.1" 200 163
26.44.196.33 - - [19/Oct/2025:13:18:56 +0300] "POST /game/login/platformlogin HTTP/1.1" 200 2436
26.181.72.169 - - [19/Oct/2025:13:18:56 +0300] "GET /game/Leaderboard/getStatsForLeaderboardByProfileName?callNum=9&connect_id=csol6py1ktdkw5nfds7b94pzvhhaja&leaderboard_id=26&profileids=%5B1736072708%5D&sessionID=csol6py1ktdkw5nfds7b94pzvhhaja HTTP/1.1" 200 163
26.44.196.33 - - [19/Oct/2025:13:18:56 +0300] "GET /game/Leaderboard/getAvailableLeaderboards?callNum=1&connect_id=a6spmbh6aazhyalf4e9p3nojouzuem&sessionID=a6spmbh6aazhyalf4e9p3nojouzuem HTTP/1.1" 200 32015
26.181.72.169 - - [19/Oct/2025:13:18:56 +0300] "GET /game/Achievement/getAvailableAchievements?callNum=10&connect_id=csol6py1ktdkw5nfds7b94pzvhhaja&sessionID=csol6py1ktdkw5nfds7b94pzvhhaja&signature= HTTP/1.1" 200 21683
26.44.196.33 - - [19/Oct/2025:13:18:56 +0300] "GET /game/Leaderboard/getStatsForLeaderboardByProfileName?callNum=2&connect_id=a6spmbh6aazhyalf4e9p3nojouzuem&leaderboard_id=3&profileids=%5B689583837%5D&sessionID=a6spmbh6aazhyalf4e9p3nojouzuem HTTP/1.1" 200 161
26.181.72.169 - - [19/Oct/2025:13:18:57 +0300] "GET /game/Achievement/getAchievements?callNum=11&connect_id=csol6py1ktdkw5nfds7b94pzvhhaja&profileIDs=%5B1736072708%5D&sessionID=csol6py1ktdkw5nfds7b94pzvhhaja HTTP/1.1" 200 22
26.44.196.33 - - [19/Oct/2025:13:18:57 +0300] "GET /game/Leaderboard/getStatsForLeaderboardByProfileName?callNum=3&connect_id=a6spmbh6aazhyalf4e9p3nojouzuem&leaderboard_id=4&profileids=%5B689583837%5D&sessionID=a6spmbh6aazhyalf4e9p3nojouzuem HTTP/1.1" 200 161
26.181.72.169 - - [19/Oct/2025:13:18:57 +0300] "GET /game/cloud/getFileURL?callNum=12&connect_id=csol6py1ktdkw5nfds7b94pzvhhaja&names=%5B%22_data.txt%22%2C%22_resources.txt%22%5D&sessionID=csol6py1ktdkw5nfds7b94pzvhhaja HTTP/1.1" 200 472
26.44.196.33 - - [19/Oct/2025:13:18:58 +0300] "GET /game/Leaderboard/getStatsForLeaderboardByProfileName?callNum=4&connect_id=a6spmbh6aazhyalf4e9p3nojouzuem&leaderboard_id=13&profileids=%5B689583837%5D&sessionID=a6spmbh6aazhyalf4e9p3nojouzuem HTTP/1.1" 200 161
26.181.72.169 - - [19/Oct/2025:13:18:58 +0300] "GET /game/item/getItemDefinitionsJson?callNum=13&connect_id=csol6py1ktdkw5nfds7b94pzvhhaja&sessionID=csol6py1ktdkw5nfds7b94pzvhhaja&signature= HTTP/1.1" 200 31
26.44.196.33 - - [19/Oct/2025:13:18:58 +0300] "GET /game/Leaderboard/getStatsForLeaderboardByProfileName?callNum=5&connect_id=a6spmbh6aazhyalf4e9p3nojouzuem&leaderboard_id=14&profileids=%5B689583837%5D&sessionID=a6spmbh6aazhyalf4e9p3nojouzuem HTTP/1.1" 200 161
26.181.72.169 - - [19/Oct/2025:13:18:58 +0300] "GET /game/item/getItemBundleItemsJson?callNum=14&connect_id=csol6py1ktdkw5nfds7b94pzvhhaja&sessionID=csol6py1ktdkw5nfds7b94pzvhhaja&signature= HTTP/1.1" 200 31
26.44.196.33 - - [19/Oct/2025:13:18:59 +0300] "GET /game/Leaderboard/getStatsForLeaderboardByProfileName?callNum=6&connect_id=a6spmbh6aazhyalf4e9p3nojouzuem&leaderboard_id=1&profileids=%5B689583837%5D&sessionID=a6spmbh6aazhyalf4e9p3nojouzuem HTTP/1.1" 200 161
26.181.72.169 - - [19/Oct/2025:13:18:59 +0300] "GET /game/Challenge/getChallenges?callNum=15&connect_id=csol6py1ktdkw5nfds7b94pzvhhaja&sessionID=csol6py1ktdkw5nfds7b94pzvhhaja&signature= HTTP/1.1" 200 82483
26.44.196.33 - - [19/Oct/2025:13:18:59 +0300] "GET /game/Leaderboard/getStatsForLeaderboardByProfileName?callNum=7&connect_id=a6spmbh6aazhyalf4e9p3nojouzuem&leaderboard_id=2&profileids=%5B689583837%5D&sessionID=a6spmbh6aazhyalf4e9p3nojouzuem HTTP/1.1" 200 161
26.181.72.169 - - [19/Oct/2025:13:18:59 +0300] "GET /game/CommunityEvent/getAvailableCommunityEvents?callNum=16&connect_id=csol6py1ktdkw5nfds7b94pzvhhaja&sessionID=csol6py1ktdkw5nfds7b94pzvhhaja HTTP/1.1" 200 22
26.44.196.33 - - [19/Oct/2025:13:19:00 +0300] "GET /game/Leaderboard/getStatsForLeaderboardByProfileName?callNum=8&connect_id=a6spmbh6aazhyalf4e9p3nojouzuem&leaderboard_id=25&profileids=%5B689583837%5D&sessionID=a6spmbh6aazhyalf4e9p3nojouzuem HTTP/1.1" 200 161
26.181.72.169 - - [19/Oct/2025:13:19:00 +0300] "GET /game/chat/getChatChannels?callNum=17&connect_id=csol6py1ktdkw5nfds7b94pzvhhaja&sessionID=csol6py1ktdkw5nfds7b94pzvhhaja HTTP/1.1" 200 11
26.44.196.33 - - [19/Oct/2025:13:19:00 +0300] "GET /game/Leaderboard/getStatsForLeaderboardByProfileName?callNum=9&connect_id=a6spmbh6aazhyalf4e9p3nojouzuem&leaderboard_id=26&profileids=%5B689583837%5D&sessionID=a6spmbh6aazhyalf4e9p3nojouzuem HTTP/1.1" 200 161
26.181.72.169 - - [19/Oct/2025:13:19:00 +0300] "GET /game/chat/getOfflineMessages?callNum=18&connect_id=csol6py1ktdkw5nfds7b94pzvhhaja&sessionID=csol6py1ktdkw5nfds7b94pzvhhaja HTTP/1.1" 200 36
26.44.196.33 - - [19/Oct/2025:13:19:01 +0300] "GET /game/Achievement/getAvailableAchievements?callNum=10&connect_id=a6spmbh6aazhyalf4e9p3nojouzuem&sessionID=a6spmbh6aazhyalf4e9p3nojouzuem&signature= HTTP/1.1" 200 21683
26.181.72.169 - - [19/Oct/2025:13:19:01 +0300] "GET /game/item/getInventoryByProfileIDs?callNum=19&connect_id=csol6py1ktdkw5nfds7b94pzvhhaja&profileIDs=%5B1736072708%5D&sessionID=csol6py1ktdkw5nfds7b94pzvhhaja HTTP/1.1" 200 91
26.44.196.33 - - [19/Oct/2025:13:19:01 +0300] "GET /game/Achievement/getAchievements?callNum=11&connect_id=a6spmbh6aazhyalf4e9p3nojouzuem&profileIDs=%5B689583837%5D&sessionID=a6spmbh6aazhyalf4e9p3nojouzuem HTTP/1.1" 200 21
26.181.72.169 - - [19/Oct/2025:13:19:01 +0300] "GET /game/automatch2/getAutomatchMap?callNum=20&connect_id=csol6py1ktdkw5nfds7b94pzvhhaja&sessionID=csol6py1ktdkw5nfds7b94pzvhhaja HTTP/1.1" 200 40552
26.44.196.33 - - [19/Oct/2025:13:19:02 +0300] "GET /game/cloud/getFileURL?callNum=12&connect_id=a6spmbh6aazhyalf4e9p3nojouzuem&names=%5B%22_data.txt%22%2C%22_resources.txt%22%5D&sessionID=a6spmbh6aazhyalf4e9p3nojouzuem HTTP/1.1" 200 472
26.181.72.169 - - [19/Oct/2025:13:19:02 +0300] "GET /game/cloud/getFileURL?callNum=21&connect_id=csol6py1ktdkw5nfds7b94pzvhhaja&names=%5B%22_data.txt%22%5D&sessionID=csol6py1ktdkw5nfds7b94pzvhhaja HTTP/1.1" 200 236
26.44.196.33 - - [19/Oct/2025:13:19:02 +0300] "GET /game/item/getItemDefinitionsJson?callNum=13&connect_id=a6spmbh6aazhyalf4e9p3nojouzuem&sessionID=a6spmbh6aazhyalf4e9p3nojouzuem&signature= HTTP/1.1" 200 31
26.181.72.169 - - [19/Oct/2025:13:19:02 +0300] "GET /game/cloud/getTempCredentials?callNum=22&connect_id=csol6py1ktdkw5nfds7b94pzvhhaja&key=%2Fcloudfiles%2Fgame%2Fd3349d2d70bc16cb5bd54aa07e2171bb9ccc02212f0a1145045e8a8bda2ff164&sessionID=csol6py1ktdkw5nfds7b94pzvhhaja HTTP/1.1" 200 244
26.181.72.169 - - [19/Oct/2025:13:19:02 +0300] "GET /cloudfiles/game/d3349d2d70bc16cb5bd54aa07e2171bb9ccc02212f0a1145045e8a8bda2ff164?se=2025-10-19T10%3A24%3A02Z&sig=F71ItQZsBFRMAq%2BsrYZjUzGAlwPRj7DRvwi%2BZTgReJE%3D&sp=r&sr=b&sv=2019-02-02&title=age2 HTTP/1.1" 200 23
26.44.196.33 - - [19/Oct/2025:13:19:03 +0300] "GET /game/item/getItemBundleItemsJson?callNum=14&connect_id=a6spmbh6aazhyalf4e9p3nojouzuem&sessionID=a6spmbh6aazhyalf4e9p3nojouzuem&signature= HTTP/1.1" 200 31
26.181.72.169 - - [19/Oct/2025:13:19:03 +0300] "POST /game/account/setLanguage HTTP/1.1" 200 4
26.44.196.33 - - [19/Oct/2025:13:19:03 +0300] "GET /game/Challenge/getChallenges?callNum=15&connect_id=a6spmbh6aazhyalf4e9p3nojouzuem&sessionID=a6spmbh6aazhyalf4e9p3nojouzuem&signature= HTTP/1.1" 200 82483
26.181.72.169 - - [19/Oct/2025:13:19:03 +0300] "GET /game/news/getNews?callNum=24&connect_id=csol6py1ktdkw5nfds7b94pzvhhaja&sessionID=csol6py1ktdkw5nfds7b94pzvhhaja HTTP/1.1" 200 10
26.44.196.33 - - [19/Oct/2025:13:19:04 +0300] "GET /game/CommunityEvent/getAvailableCommunityEvents?callNum=16&connect_id=a6spmbh6aazhyalf4e9p3nojouzuem&sessionID=a6spmbh6aazhyalf4e9p3nojouzuem HTTP/1.1" 200 22
26.181.72.169 - - [19/Oct/2025:13:19:04 +0300] "POST /game/relationship/setPresence HTTP/1.1" 200 4
26.44.196.33 - - [19/Oct/2025:13:19:04 +0300] "GET /game/chat/getChatChannels?callNum=17&connect_id=a6spmbh6aazhyalf4e9p3nojouzuem&sessionID=a6spmbh6aazhyalf4e9p3nojouzuem HTTP/1.1" 200 11
26.181.72.169 - - [19/Oct/2025:13:19:04 +0300] "GET /game/advertisement/getLanAdvertisements?appBinaryChecksum=158041&callNum=26&connect_id=csol6py1ktdkw5nfds7b94pzvhhaja&dataChecksum=0&lanServerGuids=%5B%5D&matchType_id=0&modDLLChecksum=0&modDLLFile=INVALID&modName=INVALID&modVersion=INVALID&sessionID=csol6py1ktdkw5nfds7b94pzvhhaja&versionFlags=56950784 HTTP/1.1" 200 10
26.44.196.33 - - [19/Oct/2025:13:19:05 +0300] "GET /game/chat/getOfflineMessages?callNum=18&connect_id=a6spmbh6aazhyalf4e9p3nojouzuem&sessionID=a6spmbh6aazhyalf4e9p3nojouzuem HTTP/1.1" 200 35
26.181.72.169 - - [19/Oct/2025:13:19:05 +0300] "GET /game/advertisement/findAdvertisements?appBinaryChecksum=158041&callNum=27&connect_id=csol6py1ktdkw5nfds7b94pzvhhaja&count=50&dataChecksum=0&desc=0&matchType_id=0&modDLLChecksum=0&modDLLFile=INVALID&modName=INVALID&modVersion=INVALID&sessionID=csol6py1ktdkw5nfds7b94pzvhhaja&start=0&versionFlags=56950784 HTTP/1.1" 200 10
26.44.196.33 - - [19/Oct/2025:13:19:05 +0300] "GET /game/item/getInventoryByProfileIDs?callNum=19&connect_id=a6spmbh6aazhyalf4e9p3nojouzuem&profileIDs=%5B689583837%5D&sessionID=a6spmbh6aazhyalf4e9p3nojouzuem HTTP/1.1" 200 89
26.181.72.169 - - [19/Oct/2025:13:19:05 +0300] "POST /game/leaderboard/setAvatarStatValues HTTP/1.1" 200 4
26.44.196.33 - - [19/Oct/2025:13:19:06 +0300] "GET /game/automatch2/getAutomatchMap?callNum=20&connect_id=a6spmbh6aazhyalf4e9p3nojouzuem&sessionID=a6spmbh6aazhyalf4e9p3nojouzuem HTTP/1.1" 200 40552
26.181.72.169 - - [19/Oct/2025:13:19:06 +0300] "POST /game/achievement/grantAchievement HTTP/1.1" 200 15
26.44.196.33 - - [19/Oct/2025:13:19:06 +0300] "GET /game/cloud/getFileURL?callNum=21&connect_id=a6spmbh6aazhyalf4e9p3nojouzuem&names=%5B%22_data.txt%22%5D&sessionID=a6spmbh6aazhyalf4e9p3nojouzuem HTTP/1.1" 200 236
26.181.72.169 - - [19/Oct/2025:13:19:06 +0300] "POST /game/achievement/grantAchievement HTTP/1.1" 200 15
26.44.196.33 - - [19/Oct/2025:13:19:07 +0300] "GET /game/cloud/getTempCredentials?callNum=22&connect_id=a6spmbh6aazhyalf4e9p3nojouzuem&key=%2Fcloudfiles%2Fgame%2Fd3349d2d70bc16cb5bd54aa07e2171bb9ccc02212f0a1145045e8a8bda2ff164&sessionID=a6spmbh6aazhyalf4e9p3nojouzuem HTTP/1.1" 200 244
26.44.196.33 - - [19/Oct/2025:13:19:07 +0300] "GET /cloudfiles/game/d3349d2d70bc16cb5bd54aa07e2171bb9ccc02212f0a1145045e8a8bda2ff164?se=2025-10-19T10%3A24%3A07Z&sig=DE3XIYPh30WjiqHejKmvsfLFtoyoV%2BzcADoM%2FEQcWuE%3D&sp=r&sr=b&sv=2019-02-02&title=age2 HTTP/1.1" 200 23
26.181.72.169 - - [19/Oct/2025:13:19:07 +0300] "GET /game/cloud/getFileURL?callNum=31&connect_id=csol6py1ktdkw5nfds7b94pzvhhaja&names=%5B%22_resources.txt%22%5D&sessionID=csol6py1ktdkw5nfds7b94pzvhhaja HTTP/1.1" 200 242
26.44.196.33 - - [19/Oct/2025:13:19:07 +0300] "POST /game/account/setLanguage HTTP/1.1" 200 4
26.181.72.169 - - [19/Oct/2025:13:19:07 +0300] "GET /game/cloud/getTempCredentials?callNum=32&connect_id=csol6py1ktdkw5nfds7b94pzvhhaja&key=%2Fcloudfiles%2Fgame%2F6b861a867ce5f4e66131c929fe13db8baa40b5bb412255adcc225e6604ff703f&sessionID=csol6py1ktdkw5nfds7b94pzvhhaja HTTP/1.1" 200 244
26.181.72.169 - - [19/Oct/2025:13:19:07 +0300] "GET /cloudfiles/game/6b861a867ce5f4e66131c929fe13db8baa40b5bb412255adcc225e6604ff703f?se=2025-10-19T10%3A24%3A07Z&sig=swqsTZT6LYUX8tS%2BVuGUifws1yG5%2BAhrEdv5E2ySoNY%3D&sp=r&sr=b&sv=2019-02-02&title=age2 HTTP/1.1" 200 28
26.44.196.33 - - [19/Oct/2025:13:19:08 +0300] "GET /game/news/getNews?callNum=24&connect_id=a6spmbh6aazhyalf4e9p3nojouzuem&sessionID=a6spmbh6aazhyalf4e9p3nojouzuem HTTP/1.1" 200 10
26.181.72.169 - - [19/Oct/2025:13:19:08 +0300] "GET /game/relationship/getPresenceData?callNum=33&connect_id=csol6py1ktdkw5nfds7b94pzvhhaja&sessionID=csol6py1ktdkw5nfds7b94pzvhhaja HTTP/1.1" 200 418
26.44.196.33 - - [19/Oct/2025:13:19:08 +0300] "POST /game/relationship/setPresence HTTP/1.1" 200 4
26.181.72.169 - - [19/Oct/2025:13:19:08 +0300] "POST /game/relationship/setPresence HTTP/1.1" 200 4
26.44.196.33 - - [19/Oct/2025:13:19:09 +0300] "POST /game/leaderboard/setAvatarStatValues HTTP/1.1" 200 4
26.44.196.33 - - [19/Oct/2025:13:19:09 +0300] "POST /game/achievement/grantAchievement HTTP/1.1" 200 15
26.44.196.33 - - [19/Oct/2025:13:19:10 +0300] "POST /game/achievement/grantAchievement HTTP/1.1" 200 15
26.44.196.33 - - [19/Oct/2025:13:19:10 +0300] "GET /game/advertisement/getLanAdvertisements?appBinaryChecksum=158041&callNum=29&connect_id=a6spmbh6aazhyalf4e9p3nojouzuem&dataChecksum=0&lanServerGuids=%5B%22907ecff9-0359-4c4d-9314-ec4cff2e075b%22%5D&matchType_id=0&modDLLChecksum=0&modDLLFile=INVALID&modName=INVALID&modVersion=INVALID&sessionID=a6spmbh6aazhyalf4e9p3nojouzuem&versionFlags=56950784 HTTP/1.1" 200 10
26.44.196.33 - - [19/Oct/2025:13:19:11 +0300] "GET /game/advertisement/findAdvertisements?appBinaryChecksum=158041&callNum=30&connect_id=a6spmbh6aazhyalf4e9p3nojouzuem&count=50&dataChecksum=0&desc=0&matchType_id=0&modDLLChecksum=0&modDLLFile=INVALID&modName=INVALID&modVersion=INVALID&sessionID=a6spmbh6aazhyalf4e9p3nojouzuem&start=0&versionFlags=56950784 HTTP/1.1" 200 10
26.44.196.33 - - [19/Oct/2025:13:19:11 +0300] "GET /game/cloud/getFileURL?callNum=31&connect_id=a6spmbh6aazhyalf4e9p3nojouzuem&names=%5B%22_resources.txt%22%5D&sessionID=a6spmbh6aazhyalf4e9p3nojouzuem HTTP/1.1" 200 242
26.44.196.33 - - [19/Oct/2025:13:19:12 +0300] "GET /game/cloud/getTempCredentials?callNum=32&connect_id=a6spmbh6aazhyalf4e9p3nojouzuem&key=%2Fcloudfiles%2Fgame%2F6b861a867ce5f4e66131c929fe13db8baa40b5bb412255adcc225e6604ff703f&sessionID=a6spmbh6aazhyalf4e9p3nojouzuem HTTP/1.1" 200 242
26.44.196.33 - - [19/Oct/2025:13:19:12 +0300] "GET /cloudfiles/game/6b861a867ce5f4e66131c929fe13db8baa40b5bb412255adcc225e6604ff703f?se=2025-10-19T10%3A24%3A12Z&sig=mFuqLYxArfcWEAUlLrbSdoEW1P1EH%2BWk6yzYDPxeZuE%3D&sp=r&sr=b&sv=2019-02-02&title=age2 HTTP/1.1" 200 28
26.44.196.33 - - [19/Oct/2025:13:19:12 +0300] "GET /game/relationship/getPresenceData?callNum=33&connect_id=a6spmbh6aazhyalf4e9p3nojouzuem&sessionID=a6spmbh6aazhyalf4e9p3nojouzuem HTTP/1.1" 200 418
26.44.196.33 - - [19/Oct/2025:13:19:13 +0300] "POST /game/relationship/setPresence HTTP/1.1" 200 4
26.44.196.33 - - [19/Oct/2025:13:19:26 +0300] "GET /game/Leaderboard/getStatsForLeaderboardByProfileName?callNum=35&connect_id=a6spmbh6aazhyalf4e9p3nojouzuem&leaderboard_id=-1&profileids=%5B689583837%5D&sessionID=a6spmbh6aazhyalf4e9p3nojouzuem HTTP/1.1" 200 161
26.44.196.33 - - [19/Oct/2025:13:19:32 +0300] "POST /game/advertisement/host HTTP/1.1" 200 167
26.44.196.33 - - [19/Oct/2025:13:19:33 +0300] "POST /game/relationship/setPresence HTTP/1.1" 200 4
26.44.196.33 - - [19/Oct/2025:13:19:33 +0300] "POST /game/party/peerAdd HTTP/1.1" 200 4
26.44.196.33 - - [19/Oct/2025:13:19:34 +0300] "POST /game/advertisement/updateTags HTTP/1.1" 200 4
26.44.196.33 - - [19/Oct/2025:13:19:34 +0300] "POST /game/advertisement/update HTTP/1.1" 200 1025
26.44.196.33 - - [19/Oct/2025:13:19:35 +0300] "GET /game/Leaderboard/getRecentMatchHistory?callNum=41&connect_id=a6spmbh6aazhyalf4e9p3nojouzuem&profile_ids=%5B689583837%5D&sessionID=a6spmbh6aazhyalf4e9p3nojouzuem HTTP/1.1" 200 7
26.44.196.33 - - [19/Oct/2025:13:19:35 +0300] "POST /game/advertisement/updateTags HTTP/1.1" 200 4
26.181.72.169 - - [19/Oct/2025:13:19:35 +0300] "GET /game/advertisement/getLanAdvertisements?appBinaryChecksum=158041&callNum=35&connect_id=csol6py1ktdkw5nfds7b94pzvhhaja&dataChecksum=0&lanServerGuids=%5B%22907ecff9-0359-4c4d-9314-ec4cff2e075b%22%2C%22285f6c52-eca4-4e68-abae-319667108a7f%22%5D&matchType_id=0&modDLLChecksum=0&modDLLFile=INVALID&modName=INVALID&modVersion=INVALID&sessionID=csol6py1ktdkw5nfds7b94pzvhhaja&versionFlags=56950784 HTTP/1.1" 200 1030
26.44.196.33 - - [19/Oct/2025:13:19:36 +0300] "POST /game/advertisement/updateTags HTTP/1.1" 200 4
26.181.72.169 - - [19/Oct/2025:13:19:36 +0300] "GET /game/advertisement/findAdvertisements?appBinaryChecksum=158041&callNum=36&connect_id=csol6py1ktdkw5nfds7b94pzvhhaja&count=50&dataChecksum=0&desc=0&matchType_id=0&modDLLChecksum=0&modDLLFile=INVALID&modName=INVALID&modVersion=INVALID&sessionID=csol6py1ktdkw5nfds7b94pzvhhaja&start=0&versionFlags=56950784 HTTP/1.1" 200 10
26.44.196.33 - - [19/Oct/2025:13:19:36 +0300] "POST /game/advertisement/update HTTP/1.1" 200 1173
26.181.72.169 - - [19/Oct/2025:13:19:39 +0300] "GET /game/advertisement/getAdvertisements?callNum=37&connect_id=csol6py1ktdkw5nfds7b94pzvhhaja&match_ids=%5B1174171246%5D&sessionID=csol6py1ktdkw5nfds7b94pzvhhaja HTTP/1.1" 200 1175
26.181.72.169 - - [19/Oct/2025:13:19:39 +0300] "POST /game/relationship/setPresence HTTP/1.1" 200 4
26.181.72.169 - - [19/Oct/2025:13:19:40 +0300] "GET /game/account/getProfileName?callNum=39&connect_id=csol6py1ktdkw5nfds7b94pzvhhaja&profile_ids=%5B-1%5D&sessionID=csol6py1ktdkw5nfds7b94pzvhhaja HTTP/1.1" 200 7
26.181.72.169 - - [19/Oct/2025:13:19:40 +0300] "POST /game/advertisement/join HTTP/1.1" 200 88
26.44.196.33 - - [19/Oct/2025:13:19:41 +0300] "POST /game/party/peerAdd HTTP/1.1" 200 4
26.181.72.169 - - [19/Oct/2025:13:19:41 +0300] "POST /game/advertisement/updatePlatformSessionID HTTP/1.1" 200 4
26.44.196.33 - - [19/Oct/2025:13:19:41 +0300] "POST /game/advertisement/update HTTP/1.1" 200 1268
26.44.196.33 - - [19/Oct/2025:13:19:42 +0300] "GET /game/Leaderboard/getStatsForLeaderboardByProfileName?callNum=47&connect_id=a6spmbh6aazhyalf4e9p3nojouzuem&leaderboard_id=3&profileids=%5B1736072708%5D&sessionID=a6spmbh6aazhyalf4e9p3nojouzuem HTTP/1.1" 200 163
26.44.196.33 - - [19/Oct/2025:13:19:42 +0300] "GET /game/Leaderboard/getStatsForLeaderboardByProfileName?callNum=48&connect_id=a6spmbh6aazhyalf4e9p3nojouzuem&leaderboard_id=4&profileids=%5B1736072708%5D&sessionID=a6spmbh6aazhyalf4e9p3nojouzuem HTTP/1.1" 200 163
26.44.196.33 - - [19/Oct/2025:13:19:43 +0300] "GET /game/Leaderboard/getStatsForLeaderboardByProfileName?callNum=49&connect_id=a6spmbh6aazhyalf4e9p3nojouzuem&leaderboard_id=13&profileids=%5B1736072708%5D&sessionID=a6spmbh6aazhyalf4e9p3nojouzuem HTTP/1.1" 200 163
26.44.196.33 - - [19/Oct/2025:13:19:43 +0300] "GET /game/Leaderboard/getStatsForLeaderboardByProfileName?callNum=50&connect_id=a6spmbh6aazhyalf4e9p3nojouzuem&leaderboard_id=14&profileids=%5B1736072708%5D&sessionID=a6spmbh6aazhyalf4e9p3nojouzuem HTTP/1.1" 200 163
26.44.196.33 - - [19/Oct/2025:13:19:44 +0300] "GET /game/Leaderboard/getStatsForLeaderboardByProfileName?callNum=51&connect_id=a6spmbh6aazhyalf4e9p3nojouzuem&leaderboard_id=1&profileids=%5B1736072708%5D&sessionID=a6spmbh6aazhyalf4e9p3nojouzuem HTTP/1.1" 200 163
26.44.196.33 - - [19/Oct/2025:13:19:44 +0300] "GET /game/Leaderboard/getStatsForLeaderboardByProfileName?callNum=52&connect_id=a6spmbh6aazhyalf4e9p3nojouzuem&leaderboard_id=2&profileids=%5B1736072708%5D&sessionID=a6spmbh6aazhyalf4e9p3nojouzuem HTTP/1.1" 200 163
26.44.196.33 - - [19/Oct/2025:13:19:45 +0300] "GET /game/Leaderboard/getStatsForLeaderboardByProfileName?callNum=53&connect_id=a6spmbh6aazhyalf4e9p3nojouzuem&leaderboard_id=25&profileids=%5B1736072708%5D&sessionID=a6spmbh6aazhyalf4e9p3nojouzuem HTTP/1.1" 200 163
26.44.196.33 - - [19/Oct/2025:13:19:45 +0300] "GET /game/Leaderboard/getStatsForLeaderboardByProfileName?callNum=54&connect_id=a6spmbh6aazhyalf4e9p3nojouzuem&leaderboard_id=26&profileids=%5B1736072708%5D&sessionID=a6spmbh6aazhyalf4e9p3nojouzuem HTTP/1.1" 200 163
26.44.196.33 - - [19/Oct/2025:13:19:51 +0300] "POST /game/advertisement/update HTTP/1.1" 200 1272
26.181.72.169 - - [19/Oct/2025:13:19:51 +0300] "GET /game/Leaderboard/getStatsForLeaderboardByProfileName?callNum=42&connect_id=csol6py1ktdkw5nfds7b94pzvhhaja&leaderboard_id=3&profileids=%5B689583837%2C1736072708%5D&sessionID=csol6py1ktdkw5nfds7b94pzvhhaja HTTP/1.1" 200 161
26.44.196.33 - - [19/Oct/2025:13:19:51 +0300] "GET /game/advertisement/getAdvertisements?callNum=56&connect_id=a6spmbh6aazhyalf4e9p3nojouzuem&match_ids=%5B1174171246%5D&sessionID=a6spmbh6aazhyalf4e9p3nojouzuem HTTP/1.1" 200 1274
26.181.72.169 - - [19/Oct/2025:13:19:52 +0300] "GET /game/Leaderboard/getStatsForLeaderboardByProfileName?callNum=43&connect_id=csol6py1ktdkw5nfds7b94pzvhhaja&leaderboard_id=4&profileids=%5B689583837%2C1736072708%5D&sessionID=csol6py1ktdkw5nfds7b94pzvhhaja HTTP/1.1" 200 161
26.44.196.33 - - [19/Oct/2025:13:19:52 +0300] "GET /game/Leaderboard/getRecentMatchHistory?callNum=57&connect_id=a6spmbh6aazhyalf4e9p3nojouzuem&profile_ids=%5B1736072708%5D&sessionID=a6spmbh6aazhyalf4e9p3nojouzuem HTTP/1.1" 200 7
26.181.72.169 - - [19/Oct/2025:13:19:52 +0300] "GET /game/Leaderboard/getStatsForLeaderboardByProfileName?callNum=44&connect_id=csol6py1ktdkw5nfds7b94pzvhhaja&leaderboard_id=13&profileids=%5B689583837%2C1736072708%5D&sessionID=csol6py1ktdkw5nfds7b94pzvhhaja HTTP/1.1" 200 161
26.44.196.33 - - [19/Oct/2025:13:19:52 +0300] "GET /game/account/getProfileName?callNum=58&connect_id=a6spmbh6aazhyalf4e9p3nojouzuem&profile_ids=%5B-1%5D&sessionID=a6spmbh6aazhyalf4e9p3nojouzuem HTTP/1.1" 200 7
26.181.72.169 - - [19/Oct/2025:13:19:53 +0300] "GET /game/Leaderboard/getStatsForLeaderboardByProfileName?callNum=45&connect_id=csol6py1ktdkw5nfds7b94pzvhhaja&leaderboard_id=14&profileids=%5B689583837%2C1736072708%5D&sessionID=csol6py1ktdkw5nfds7b94pzvhhaja HTTP/1.1" 200 161
26.44.196.33 - - [19/Oct/2025:13:19:53 +0300] "POST /game/advertisement/update HTTP/1.1" 200 1392
26.181.72.169 - - [19/Oct/2025:13:19:53 +0300] "GET /game/Leaderboard/getStatsForLeaderboardByProfileName?callNum=46&connect_id=csol6py1ktdkw5nfds7b94pzvhhaja&leaderboard_id=1&profileids=%5B689583837%2C1736072708%5D&sessionID=csol6py1ktdkw5nfds7b94pzvhhaja HTTP/1.1" 200 161
26.181.72.169 - - [19/Oct/2025:13:19:54 +0300] "GET /game/Leaderboard/getStatsForLeaderboardByProfileName?callNum=47&connect_id=csol6py1ktdkw5nfds7b94pzvhhaja&leaderboard_id=2&profileids=%5B689583837%2C1736072708%5D&sessionID=csol6py1ktdkw5nfds7b94pzvhhaja HTTP/1.1" 200 161
26.181.72.169 - - [19/Oct/2025:13:19:54 +0300] "GET /game/Leaderboard/getStatsForLeaderboardByProfileName?callNum=48&connect_id=csol6py1ktdkw5nfds7b94pzvhhaja&leaderboard_id=25&profileids=%5B689583837%2C1736072708%5D&sessionID=csol6py1ktdkw5nfds7b94pzvhhaja HTTP/1.1" 200 161
26.181.72.169 - - [19/Oct/2025:13:19:55 +0300] "GET /game/Leaderboard/getStatsForLeaderboardByProfileName?callNum=49&connect_id=csol6py1ktdkw5nfds7b94pzvhhaja&leaderboard_id=26&profileids=%5B689583837%2C1736072708%5D&sessionID=csol6py1ktdkw5nfds7b94pzvhhaja HTTP/1.1" 200 161
26.181.72.169 - - [19/Oct/2025:13:19:55 +0300] "GET /game/Leaderboard/getStatsForLeaderboardByProfileName?callNum=50&connect_id=csol6py1ktdkw5nfds7b94pzvhhaja&leaderboard_id=13&profileids=%5B689583837%5D&sessionID=csol6py1ktdkw5nfds7b94pzvhhaja HTTP/1.1" 200 161
26.181.72.169 - - [19/Oct/2025:13:19:56 +0300] "GET /game/Leaderboard/getStatsForLeaderboardByProfileName?callNum=51&connect_id=csol6py1ktdkw5nfds7b94pzvhhaja&leaderboard_id=-1&profileids=%5B689583837%5D&sessionID=csol6py1ktdkw5nfds7b94pzvhhaja HTTP/1.1" 200 161
26.181.72.169 - - [19/Oct/2025:13:19:56 +0300] "GET /game/Leaderboard/getStatsForLeaderboardByProfileName?callNum=52&connect_id=csol6py1ktdkw5nfds7b94pzvhhaja&leaderboard_id=-1&profileids=%5B1736072708%5D&sessionID=csol6py1ktdkw5nfds7b94pzvhhaja HTTP/1.1" 200 163
26.44.196.33 - - [19/Oct/2025:13:19:57 +0300] "POST /game/advertisement/update HTTP/1.1" 200 1256
26.181.72.169 - - [19/Oct/2025:13:19:57 +0300] "GET /game/advertisement/findAdvertisements?appBinaryChecksum=158041&callNum=53&connect_id=csol6py1ktdkw5nfds7b94pzvhhaja&count=50&dataChecksum=0&desc=0&matchType_id=0&modDLLChecksum=0&modDLLFile=INVALID&modName=INVALID&modVersion=INVALID&sessionID=csol6py1ktdkw5nfds7b94pzvhhaja&start=0&versionFlags=56950784 HTTP/1.1" 200 10
26.44.196.33 - - [19/Oct/2025:13:19:57 +0300] "POST /game/advertisement/update HTTP/1.1" 200 1252
26.181.72.169 - - [19/Oct/2025:13:19:57 +0300] "POST /game/relationship/setPresence HTTP/1.1" 200 4
26.181.72.169 - - [19/Oct/2025:13:19:58 +0300] "POST /game/advertisement/leave HTTP/1.1" 200 4
26.44.196.33 - - [19/Oct/2025:13:20:00 +0300] "POST /game/relationship/setPresence HTTP/1.1" 200 4
26.44.196.33 - - [19/Oct/2025:13:20:01 +0300] "GET /game/advertisement/getLanAdvertisements?appBinaryChecksum=158041&callNum=63&connect_id=a6spmbh6aazhyalf4e9p3nojouzuem&dataChecksum=0&lanServerGuids=%5B%22907ecff9-0359-4c4d-9314-ec4cff2e075b%22%2C%22285f6c52-eca4-4e68-abae-319667108a7f%22%5D&matchType_id=0&modDLLChecksum=0&modDLLFile=INVALID&modName=INVALID&modVersion=INVALID&sessionID=a6spmbh6aazhyalf4e9p3nojouzuem&versionFlags=56950784 HTTP/1.1" 200 10
26.44.196.33 - - [19/Oct/2025:13:20:01 +0300] "GET /game/advertisement/findAdvertisements?appBinaryChecksum=158041&callNum=64&connect_id=a6spmbh6aazhyalf4e9p3nojouzuem&count=50&dataChecksum=0&desc=0&matchType_id=0&modDLLChecksum=0&modDLLFile=INVALID&modName=INVALID&modVersion=INVALID&sessionID=a6spmbh6aazhyalf4e9p3nojouzuem&start=0&versionFlags=56950784 HTTP/1.1" 200 10
26.44.196.33 - - [19/Oct/2025:13:20:02 +0300] "POST /game/advertisement/leave HTTP/1.1" 200 4
26.181.72.169 - - [19/Oct/2025:13:20:07 +0300] "POST /game/advertisement/host HTTP/1.1" 200 168
26.181.72.169 - - [19/Oct/2025:13:20:08 +0300] "POST /game/relationship/setPresence HTTP/1.1" 200 4
26.181.72.169 - - [19/Oct/2025:13:20:08 +0300] "POST /game/party/peerAdd HTTP/1.1" 200 4
26.181.72.169 - - [19/Oct/2025:13:20:09 +0300] "POST /game/advertisement/updateTags HTTP/1.1" 200 4
26.181.72.169 - - [19/Oct/2025:13:20:09 +0300] "POST /game/advertisement/update HTTP/1.1" 200 1028
26.181.72.169 - - [19/Oct/2025:13:20:10 +0300] "POST /game/advertisement/updateTags HTTP/1.1" 200 4
26.44.196.33 - - [19/Oct/2025:13:20:10 +0300] "GET /game/advertisement/findAdvertisements?appBinaryChecksum=158041&callNum=66&connect_id=a6spmbh6aazhyalf4e9p3nojouzuem&count=50&dataChecksum=0&desc=0&matchType_id=0&modDLLChecksum=0&modDLLFile=INVALID&modName=INVALID&modVersion=INVALID&sessionID=a6spmbh6aazhyalf4e9p3nojouzuem&start=0&versionFlags=56950784 HTTP/1.1" 200 10
26.181.72.169 - - [19/Oct/2025:13:20:10 +0300] "GET /game/Leaderboard/getRecentMatchHistory?callNum=62&connect_id=csol6py1ktdkw5nfds7b94pzvhhaja&profile_ids=%5B1736072708%5D&sessionID=csol6py1ktdkw5nfds7b94pzvhhaja HTTP/1.1" 200 7
26.181.72.169 - - [19/Oct/2025:13:20:11 +0300] "GET /game/Leaderboard/getStatsForLeaderboardByProfileName?callNum=63&connect_id=csol6py1ktdkw5nfds7b94pzvhhaja&leaderboard_id=3&profileids=%5B1736072708%5D&sessionID=csol6py1ktdkw5nfds7b94pzvhhaja HTTP/1.1" 200 163
26.181.72.169 - - [19/Oct/2025:13:20:11 +0300] "GET /game/Leaderboard/getStatsForLeaderboardByProfileName?callNum=64&connect_id=csol6py1ktdkw5nfds7b94pzvhhaja&leaderboard_id=4&profileids=%5B1736072708%5D&sessionID=csol6py1ktdkw5nfds7b94pzvhhaja HTTP/1.1" 200 163
26.181.72.169 - - [19/Oct/2025:13:20:12 +0300] "GET /game/Leaderboard/getStatsForLeaderboardByProfileName?callNum=65&connect_id=csol6py1ktdkw5nfds7b94pzvhhaja&leaderboard_id=13&profileids=%5B1736072708%5D&sessionID=csol6py1ktdkw5nfds7b94pzvhhaja HTTP/1.1" 200 163
26.181.72.169 - - [19/Oct/2025:13:20:13 +0300] "GET /game/Leaderboard/getStatsForLeaderboardByProfileName?callNum=66&connect_id=csol6py1ktdkw5nfds7b94pzvhhaja&leaderboard_id=14&profileids=%5B1736072708%5D&sessionID=csol6py1ktdkw5nfds7b94pzvhhaja HTTP/1.1" 200 163
26.181.72.169 - - [19/Oct/2025:13:20:13 +0300] "GET /game/Leaderboard/getStatsForLeaderboardByProfileName?callNum=67&connect_id=csol6py1ktdkw5nfds7b94pzvhhaja&leaderboard_id=1&profileids=%5B1736072708%5D&sessionID=csol6py1ktdkw5nfds7b94pzvhhaja HTTP/1.1" 200 163
26.181.72.169 - - [19/Oct/2025:13:20:14 +0300] "GET /game/Leaderboard/getStatsForLeaderboardByProfileName?callNum=68&connect_id=csol6py1ktdkw5nfds7b94pzvhhaja&leaderboard_id=2&profileids=%5B1736072708%5D&sessionID=csol6py1ktdkw5nfds7b94pzvhhaja HTTP/1.1" 200 163
26.181.72.169 - - [19/Oct/2025:13:20:14 +0300] "GET /game/Leaderboard/getStatsForLeaderboardByProfileName?callNum=69&connect_id=csol6py1ktdkw5nfds7b94pzvhhaja&leaderboard_id=25&profileids=%5B1736072708%5D&sessionID=csol6py1ktdkw5nfds7b94pzvhhaja HTTP/1.1" 200 163
26.181.72.169 - - [19/Oct/2025:13:20:15 +0300] "GET /game/Leaderboard/getStatsForLeaderboardByProfileName?callNum=70&connect_id=csol6py1ktdkw5nfds7b94pzvhhaja&leaderboard_id=26&profileids=%5B1736072708%5D&sessionID=csol6py1ktdkw5nfds7b94pzvhhaja HTTP/1.1" 200 163
26.181.72.169 - - [19/Oct/2025:13:20:15 +0300] "POST /game/advertisement/updateTags HTTP/1.1" 200 4
26.181.72.169 - - [19/Oct/2025:13:20:16 +0300] "POST /game/advertisement/update HTTP/1.1" 200 1176
26.44.196.33 - - [19/Oct/2025:13:20:17 +0300] "GET /game/advertisement/findAdvertisements?appBinaryChecksum=158041&callNum=67&connect_id=a6spmbh6aazhyalf4e9p3nojouzuem&count=50&dataChecksum=0&desc=0&matchType_id=0&modDLLChecksum=0&modDLLFile=INVALID&modName=INVALID&modVersion=INVALID&sessionID=a6spmbh6aazhyalf4e9p3nojouzuem&start=0&versionFlags=56950784 HTTP/1.1" 200 10
26.181.72.169 - - [19/Oct/2025:13:20:23 +0300] "POST /game/invitation/extendInvitation HTTP/1.1" 200 4
26.44.196.33 - - [19/Oct/2025:13:20:23 +0300] "GET /game/advertisement/getAdvertisements?callNum=68&connect_id=a6spmbh6aazhyalf4e9p3nojouzuem&match_ids=%5B1759313399%5D&sessionID=a6spmbh6aazhyalf4e9p3nojouzuem HTTP/1.1" 200 1178
26.44.196.33 - - [19/Oct/2025:13:20:27 +0300] "POST /game/advertisement/join HTTP/1.1" 200 88
26.181.72.169 - - [19/Oct/2025:13:20:27 +0300] "POST /game/party/peerAdd HTTP/1.1" 200 4
26.44.196.33 - - [19/Oct/2025:13:20:27 +0300] "POST /game/relationship/setPresence HTTP/1.1" 200 4
26.181.72.169 - - [19/Oct/2025:13:20:28 +0300] "POST /game/advertisement/update HTTP/1.1" 200 1254
26.44.196.33 - - [19/Oct/2025:13:20:28 +0300] "POST /game/advertisement/updatePlatformSessionID HTTP/1.1" 200 4
26.181.72.169 - - [19/Oct/2025:13:20:28 +0300] "GET /game/Leaderboard/getStatsForLeaderboardByProfileName?callNum=76&connect_id=csol6py1ktdkw5nfds7b94pzvhhaja&leaderboard_id=3&profileids=%5B689583837%5D&sessionID=csol6py1ktdkw5nfds7b94pzvhhaja HTTP/1.1" 200 161
26.181.72.169 - - [19/Oct/2025:13:20:29 +0300] "GET /game/Leaderboard/getStatsForLeaderboardByProfileName?callNum=77&connect_id=csol6py1ktdkw5nfds7b94pzvhhaja&leaderboard_id=4&profileids=%5B689583837%5D&sessionID=csol6py1ktdkw5nfds7b94pzvhhaja HTTP/1.1" 200 161
26.181.72.169 - - [19/Oct/2025:13:20:29 +0300] "GET /game/Leaderboard/getStatsForLeaderboardByProfileName?callNum=78&connect_id=csol6py1ktdkw5nfds7b94pzvhhaja&leaderboard_id=14&profileids=%5B689583837%5D&sessionID=csol6py1ktdkw5nfds7b94pzvhhaja HTTP/1.1" 200 161
26.181.72.169 - - [19/Oct/2025:13:20:30 +0300] "GET /game/Leaderboard/getStatsForLeaderboardByProfileName?callNum=79&connect_id=csol6py1ktdkw5nfds7b94pzvhhaja&leaderboard_id=1&profileids=%5B689583837%5D&sessionID=csol6py1ktdkw5nfds7b94pzvhhaja HTTP/1.1" 200 161
26.181.72.169 - - [19/Oct/2025:13:20:30 +0300] "GET /game/Leaderboard/getStatsForLeaderboardByProfileName?callNum=80&connect_id=csol6py1ktdkw5nfds7b94pzvhhaja&leaderboard_id=2&profileids=%5B689583837%5D&sessionID=csol6py1ktdkw5nfds7b94pzvhhaja HTTP/1.1" 200 161
26.181.72.169 - - [19/Oct/2025:13:20:31 +0300] "GET /game/Leaderboard/getStatsForLeaderboardByProfileName?callNum=81&connect_id=csol6py1ktdkw5nfds7b94pzvhhaja&leaderboard_id=25&profileids=%5B689583837%5D&sessionID=csol6py1ktdkw5nfds7b94pzvhhaja HTTP/1.1" 200 161
26.181.72.169 - - [19/Oct/2025:13:20:31 +0300] "GET /game/Leaderboard/getStatsForLeaderboardByProfileName?callNum=82&connect_id=csol6py1ktdkw5nfds7b94pzvhhaja&leaderboard_id=26&profileids=%5B689583837%5D&sessionID=csol6py1ktdkw5nfds7b94pzvhhaja HTTP/1.1" 200 161
26.44.196.33 - - [19/Oct/2025:13:20:34 +0300] "POST /game/invitation/replyToInvitation HTTP/1.1" 200 4
26.181.72.169 - - [19/Oct/2025:13:20:38 +0300] "POST /game/advertisement/update HTTP/1.1" 200 1275
26.44.196.33 - - [19/Oct/2025:13:20:38 +0300] "GET /game/Leaderboard/getStatsForLeaderboardByProfileName?callNum=73&connect_id=a6spmbh6aazhyalf4e9p3nojouzuem&leaderboard_id=3&profileids=%5B1736072708%2C689583837%5D&sessionID=a6spmbh6aazhyalf4e9p3nojouzuem HTTP/1.1" 200 163
26.181.72.169 - - [19/Oct/2025:13:20:38 +0300] "GET /game/advertisement/getAdvertisements?callNum=84&connect_id=csol6py1ktdkw5nfds7b94pzvhhaja&match_ids=%5B1759313399%5D&sessionID=csol6py1ktdkw5nfds7b94pzvhhaja HTTP/1.1" 200 1277
26.44.196.33 - - [19/Oct/2025:13:20:38 +0300] "GET /game/Leaderboard/getStatsForLeaderboardByProfileName?callNum=74&connect_id=a6spmbh6aazhyalf4e9p3nojouzuem&leaderboard_id=4&profileids=%5B1736072708%2C689583837%5D&sessionID=a6spmbh6aazhyalf4e9p3nojouzuem HTTP/1.1" 200 163
26.181.72.169 - - [19/Oct/2025:13:20:39 +0300] "GET /game/Leaderboard/getRecentMatchHistory?callNum=85&connect_id=csol6py1ktdkw5nfds7b94pzvhhaja&profile_ids=%5B689583837%5D&sessionID=csol6py1ktdkw5nfds7b94pzvhhaja HTTP/1.1" 200 7
26.44.196.33 - - [19/Oct/2025:13:20:39 +0300] "GET /game/Leaderboard/getStatsForLeaderboardByProfileName?callNum=75&connect_id=a6spmbh6aazhyalf4e9p3nojouzuem&leaderboard_id=13&profileids=%5B1736072708%2C689583837%5D&sessionID=a6spmbh6aazhyalf4e9p3nojouzuem HTTP/1.1" 200 163
26.181.72.169 - - [19/Oct/2025:13:20:39 +0300] "POST /game/advertisement/update HTTP/1.1" 200 1391
26.44.196.33 - - [19/Oct/2025:13:20:39 +0300] "GET /game/Leaderboard/getStatsForLeaderboardByProfileName?callNum=76&connect_id=a6spmbh6aazhyalf4e9p3nojouzuem&leaderboard_id=14&profileids=%5B1736072708%2C689583837%5D&sessionID=a6spmbh6aazhyalf4e9p3nojouzuem HTTP/1.1" 200 163
26.44.196.33 - - [19/Oct/2025:13:20:40 +0300] "GET /game/Leaderboard/getStatsForLeaderboardByProfileName?callNum=77&connect_id=a6spmbh6aazhyalf4e9p3nojouzuem&leaderboard_id=1&profileids=%5B1736072708%2C689583837%5D&sessionID=a6spmbh6aazhyalf4e9p3nojouzuem HTTP/1.1" 200 163
26.44.196.33 - - [19/Oct/2025:13:20:40 +0300] "GET /game/Leaderboard/getStatsForLeaderboardByProfileName?callNum=78&connect_id=a6spmbh6aazhyalf4e9p3nojouzuem&leaderboard_id=2&profileids=%5B1736072708%2C689583837%5D&sessionID=a6spmbh6aazhyalf4e9p3nojouzuem HTTP/1.1" 200 163
26.44.196.33 - - [19/Oct/2025:13:20:41 +0300] "GET /game/Leaderboard/getStatsForLeaderboardByProfileName?callNum=79&connect_id=a6spmbh6aazhyalf4e9p3nojouzuem&leaderboard_id=25&profileids=%5B1736072708%2C689583837%5D&sessionID=a6spmbh6aazhyalf4e9p3nojouzuem HTTP/1.1" 200 163
26.44.196.33 - - [19/Oct/2025:13:20:41 +0300] "GET /game/Leaderboard/getStatsForLeaderboardByProfileName?callNum=80&connect_id=a6spmbh6aazhyalf4e9p3nojouzuem&leaderboard_id=26&profileids=%5B1736072708%2C689583837%5D&sessionID=a6spmbh6aazhyalf4e9p3nojouzuem HTTP/1.1" 200 163
26.181.72.169 - - [19/Oct/2025:13:20:41 +0300] "POST /game/advertisement/update HTTP/1.1" 200 1259
26.44.196.33 - - [19/Oct/2025:13:20:42 +0300] "GET /game/Leaderboard/getStatsForLeaderboardByProfileName?callNum=81&connect_id=a6spmbh6aazhyalf4e9p3nojouzuem&leaderboard_id=-1&profileids=%5B1736072708%5D&sessionID=a6spmbh6aazhyalf4e9p3nojouzuem HTTP/1.1" 200 163
26.181.72.169 - - [19/Oct/2025:13:20:42 +0300] "POST /game/advertisement/update HTTP/1.1" 200 1255
26.44.196.33 - - [19/Oct/2025:13:20:42 +0300] "GET /game/advertisement/getLanAdvertisements?appBinaryChecksum=158041&callNum=82&connect_id=a6spmbh6aazhyalf4e9p3nojouzuem&dataChecksum=0&lanServerGuids=%5B%22907ecff9-0359-4c4d-9314-ec4cff2e075b%22%2C%22285f6c52-eca4-4e68-abae-319667108a7f%22%5D&matchType_id=0&modDLLChecksum=0&modDLLFile=INVALID&modName=INVALID&modVersion=INVALID&sessionID=a6spmbh6aazhyalf4e9p3nojouzuem&versionFlags=56950784 HTTP/1.1" 200 10
26.44.196.33 - - [19/Oct/2025:13:20:43 +0300] "GET /game/advertisement/findAdvertisements?appBinaryChecksum=158041&callNum=83&connect_id=a6spmbh6aazhyalf4e9p3nojouzuem&count=50&dataChecksum=0&desc=0&matchType_id=0&modDLLChecksum=0&modDLLFile=INVALID&modName=INVALID&modVersion=INVALID&sessionID=a6spmbh6aazhyalf4e9p3nojouzuem&start=0&versionFlags=56950784 HTTP/1.1" 200 10
26.44.196.33 - - [19/Oct/2025:13:20:43 +0300] "POST /game/relationship/setPresence HTTP/1.1" 200 4
26.44.196.33 - - [19/Oct/2025:13:20:44 +0300] "POST /game/advertisement/leave HTTP/1.1" 200 4
26.44.196.33 - - [19/Oct/2025:13:20:46 +0300] "POST /game/login/logout HTTP/1.1" 200 4
26.44.196.33 - - [19/Oct/2025:13:18:56 +0300] "GET /wss/ HTTP/1.1" 200 0
26.44.196.33 - - [19/Oct/2025:13:20:46 +0300] "GET /wss/ HTTP/1.1" 200 0
26.44.196.33 - - [19/Oct/2025:13:20:47 +0300] "GET /wss/ HTTP/1.1" 200 0
26.44.196.33 - - [19/Oct/2025:13:20:48 +0300] "GET /wss/ HTTP/1.1" 200 0
26.44.196.33 - - [19/Oct/2025:13:20:49 +0300] "GET /wss/ HTTP/1.1" 200 0
26.44.196.33 - - [19/Oct/2025:13:20:50 +0300] "GET /wss/ HTTP/1.1" 200 0
26.44.196.33 - - [19/Oct/2025:13:20:51 +0300] "GET /wss/ HTTP/1.1" 200 0
26.44.196.33 - - [19/Oct/2025:13:20:52 +0300] "GET /wss/ HTTP/1.1" 200 0
26.44.196.33 - - [19/Oct/2025:13:20:53 +0300] "GET /wss/ HTTP/1.1" 200 0
26.44.196.33 - - [19/Oct/2025:13:20:54 +0300] "GET /wss/ HTTP/1.1" 200 0
26.44.196.33 - - [19/Oct/2025:13:20:55 +0300] "GET /wss/ HTTP/1.1" 200 0
26.181.72.169 - - [19/Oct/2025:13:18:52 +0300] "GET /wss/ HTTP/1.1" 200 0